4 - (4 + (0 - 6) + (-4 - 6)).
16
(55 - 55) + 12 + 2
14
What is the value of (-49 - 23) + 44 + 1 + 15?
-12
(-2 - 19) + 10 - (13 + -20)
-4
What is (55 - 91) + (27 - 8)?
-17
Evaluate (-1 - 14) + -10 + 16 + 12.
3
What is the value of -11 + -11 + 5 - 3?
-20
Calculate (-2 - -10 - 7) + 6 + 8 + -6.
9
What is the value of (5 + -3 - 26) + 10?
-14
-30 - (-22 + 9) - -14
-3
What is the value of -28 + -22 + 34 + -2?
-18
(15 - 0) + -8 + -26 + 16
-3
(26 - 13) + -22 - (13 - 2)
-20
What is 22 - 20 - (4 - 4)?
2
Calculate 40 + (-19 - (2 + -2)).
21
Evaluate 7 + 0 + -43 + 39.
3
What is 31 - 11 - (9 - 1)?
12
What is the value of 7 + (-16 - -6) - -16?
13
What is -31 + 25 - -25 - 28?
-9
7 + (32 - 5) - (-17 + 17)
34
What is the value of 54 - ((-8 - -6) + 32)?
24
What is (11 - 19 - -8) + 14?
14
Evaluate -8 - (1 + (8 - 3) - -9) - -7.
-16
What is the value of -12 + 23 + -36 + 11?
-14
Evaluate (-7 + 14 - 43) + (-12 - (9 + -19)).
-38
Evaluate 10 + (14 - (13 - 12)).
23
Evaluate -1 - (1 + -9 + (-68 - -76)).
-1
-45 + 45 + (-14 - -5)
-9
(0 - 15) + 0 - (218 + -225) - 4
-12
Evaluate (0 - -4 - 13) + -21 + (5 - -3).
-22
Calculate (-12 - (-15 + 37)) + 6.
-28
Evaluate 14 + (0 + -7 - -2) - 5.
4
Evaluate -1 - (-11 + (8 - -4) + -11).
9
What is the value of -1 + (-10 - -6) - (-10 + 2)?
3
What is the value of -4 - -7 - (-30 + 0 + 12)?
21
Evaluate 5 - ((-8 - -2 - (21 - 29)) + 10).
-7
Calculate (2 - -1) + -32 + 39 + -8 - 26.
-24
(19 - -6 - 32) + (5 - 1)
-3
(-44 - -61) + (-6 - 7)
4
What is 5 + 1 - (-5 - (13 + -23))?
1
15 + (-11 + -21 - 10) + 2
-25
Evaluate (-121 - -101 - (0 - 10)) + -7 + -1.
-18
Calculate (-28 + 67 - 59) + -13 + 2.
-31
What is -12 - 3 - (-3 - 10)?
-2
-1 - (-11 + 19 + -12 + 2)
1
What is (-16 - -19) + (-9 - 2)?
-8
Evaluate 7 + (-2 - 1 - (-31 - -22)).
13
0 + (-1 - -4) + -334 + 332
1
Calculate 6 + (2 - 14) + -18 + 18.
-6
Calculate (-27 - -24) + (-1 + -3 - (-11 - -8)).
-4
What is (-4 - (-2 - -13)) + (3 + -3 - -5)?
-10
What is the value of 4 - -1 - (-7 - (-24 - -18) - 7)?
13
Calculate 4 - (-12 + 9) - 17.
-10
Evaluate (-2 - -15) + -6 + -4 + 16.
19
What is the value of 23 + 10 + (-29 - (-9 + 0))?
13
What is (21 - 25) + 2 + -3 + 3?
-2
What is the value of -1 + (-19 - -29) + -1 + -4?
4
What is 13 + (-10 - (9 + 0))?
-6
What is -4 - (1 + (-4 + 3 - -3))?
-7
16 + (1 - -3 - 6) + -3
11
What is the value of -24 + 11 - ((5 - 15) + 2)?
-5
What is 30 - (-22 + (88 - 9))?
-27
Evaluate -15 + 19 + (-10 - 6).
-12
What is the value of 17 - (-25 - 1 - -66)?
-23
Calculate 5 + 7 - (0 - (49 + -33)).
28
Evaluate 0 - (12 - (-13 + 22)).
-3
What is 4 - (0 - (-14 + 6 - -2))?
-2
1 - (-12 - 3) - 11
5
What is -3 - (-14 + 2) - (-23 - -45)?
-13
Calculate -3 + (0 + -3 + 4 + 0 - 7).
-9
-3 + 7 - 9 - (-2 + (11 - 8))
-6
Evaluate (25 + 17 - 28) + -31.
-17
What is the value of -2 + 7 - ((-12 + -6 - -9) + -7)?
21
What is (-1 + 5 - (-4 + (12 - -1))) + -5?
-10
What is (1 - 16) + 7 + -8 + 27?
11
What is the value of -5 + -17 - -3 - -13?
-6
3 + (-2 - -5 - (13 + -18))
11
Calculate -14 - (2 - 7 - (-2 - -3)).
-8
-2 + 9 - (-41 - -64)
-16
Evaluate -2 - -1 - (-19 + 10 + -22 + 7).
23
What is 6 + 1 - (-16 + 11 + 9)?
3
Evaluate (14 - 7) + -5 + 10.
12
What is -1 + -6 + 17 - (-116 + 152)?
-26
4 + 2 + -1 + 3
8
Calculate 17 + (4 + 9 - 60).
-30
Calculate 14 + (-5 - (-6 + 16)) - -19.
18
What is the value of -6 - (22 + (26 - 78))?
24
(-10 - (-6 - 6)) + -18 + -7
-23
(6 + -5 + 7 - 11) + -5
-8
29 + (6 - (8 - 3) - (-18 - -24))
24
Calculate -3 - (8 + (17 - 12 - -5)).
-21
Calculate -1 + -16 + 26 + -10 + 2 + 6.
7
0 + 11 - (-49 - -30 - -25)
5
0 + -24 + 82 + 27 + -115
-30
Evaluate -1 - (-11 + (-20 - -17)).
13
What is -26 + 50 - 8 - 37?
-21
What is the value of 11 - 0 - 9 - (0 - (2 + -3))?
1
Calculate -20 + (-5 + 4 - (-8 - -3 - -3)).
-19
Evaluate -304 + 287 + 2 + 4.
-11
26 + -15 + 18 - (7 + -9)
31
-23 + (10 - (-13 - 3))
3
-27 + (4 - 7) + (12 - (8 + -2))
-24
Evaluate 16 + -16 - (-6 + 3 + -2).
5
What is the value of -65 + 0 + 19 + 13?
-33
What is the value of -32 - (-16 - (-6 - -4))?
-18
16 + (26 + -6 - 16)
20
3 + (3 - 4) - (10 - 2)
-6
What is the value of (2 + 1 - -4) + 4 + (-16 - -12)?
7
Calculate -24 + -1 + (24 - -1).
0
What is -3 + 1 + (16 - (-5 - -10))?
9
What is the value of (11 - -11) + -32 - (0 + -27 + 4)?
13
What is (7 + -8 - -6) + 7?
12
Evaluate -7 + (13 - 12) + -12.
-18
What is (14 - 20 - 22) + 8?
-20
Evaluate (3 - 2) + (4 - 4).
1
What is the value of 441 + -437 - (1 - -15)?
-12
What is -2 + (5 - 12) + 12 - -2?
5
Evaluate -87 - -70 - (1 - 32).
14
What is -15 + 34 + -7 + -5?
7
What is -13 + 0 + 8 + -2?
-7
Evaluate 16 - ((-9 - -5) + 0 + 13 + -5).
12
3 - (11 - 12) - 7 - (-10 - 1)
8
What is the value of -11 + (-14 - (-1 + (-37 - 14)))?
27
Evaluate (10 - 21) + (3 - 1).
-9
-1 - (5 + 1 + -12 + (-3 - -3))
5
-365 - -363 - (-2 + 0 - 5)
5
Evaluate (-1 - -19) + (-11 - (16 + -22)) + -1.
12
Evaluate 22 - (-6 + -13 + 57).
-16
What is 16 + (-35 - (-8 - 4))?
-7
Calculate (-4 - -3 - (-3 + -4)) + 10.
16
(-1 + 0 - -22) + -11
10
Calculate 9 + -5 + (-3 - 13) + 7.
-5
Calculate (0 - (-76 - -32)) + -26.
18
-3 + 2 + 5 + (-3 - -2) + 0
3
Calculate -10 - (-9 + 4 + 3).
-8
Calculate 0 - ((-7 + 5 - -6) + -3 + 4).
-5
Calculate (8 - 13) + 14 + (-13 - -4) + -6.
-6
Calculate 112 - 112 - (-1 + 4 - 2) - 3.
-4
Calculate -11 + (13 - (-6 - -10)) - -10.
8
What is the value of 12 + -3 - ((-6 - 2) + 6)?
11
What is -3 + -7 - 6 - (-7 + 0)?
-9
What is 3 + 2 + -27 - (-14 + 7)?
-15
Evaluate 11 - (14 + -13) - 14.
-4
Evaluate (-4 - (4 - 3)) + -2 + 46 + -20.
19
What is -1 - (-1 + (5 - (8 + 1)))?
4
What is -247 + 243 - (7 + -1)?
-10
What is the value of (-3 - (-10 + 16 + -6)) + 16?
13
What is -4 + (-9 + 22 - (-1 + -1))?
11
Evaluate 6 + (7 - (-14 + 32)).
-5
What is the value of (21 - 54) + 37 + 1 + -12 + 1?
-6
What is 6 - (4 + -7) - (-1 - 7)?
17
Evaluate (-18 + 23 - 34) + 17.
-12
What is -23 - (28 - (8 + -3) - 11)?
-35
148 + -147 + (2 - 0)
3
What is 8 - ((-14 + 2 - -25) + -5)?
0
Evaluate -15 - -33 - (-1 + 4 + -3 + 4).
14
Evaluate 23 - (16 - (11 - 13)).
5
Calculate (1 - (-6 + -15 + 0)) + -15.
7
What is the value of 18 - (43 + -23) - 5?
-7
Evaluate -69 - -68 - (-2 + (32 - 2)).
-29
Calculate 0 + 3 - ((-74 - -60) + -1 + 5).
13
Calculate (1 + 4 - -2) + (-17 - 2) - -4.
-8
Calculate 1 + -16 + -1 + -108 + 118.
-6
Calculate 16 + (29 - (12 - (2 - 8))).
27
Calculate (103 - 101 - (0 + 10 + -1)) + 16.
9
Calculate (-4 - 1) + -94 + 97.
-2
What is -13 - (11 + (-6 - (-7 - -7)))?
-18
What is 3 + -7 + (-10 - (-3 + -26))?
15
What is the value of (-16 - -11) + 3 + (9 - 4)?
3
Calculate (1 - -2) + (-1 - 6 - -9).
5
-7 - -4 - 2 - (-8 + 10)
-7
What is the value of -5 + 30 - (-4 - (5 - 11) - -3)?
20
Evaluate 24 - (14 + -18 + 20) - (2 + 12).
-6
Calculate (14 - 2) + 172 + -179 - 6.
-1
What is the value of 682 + -681 - (3 + (-3 - -3))?
-2
What is (-12 - 3) + -7 + 7 - 9?
-24
What is the value of -17 + 6 + (-3 - (6 + -7) - -4)?
-9
Evaluate -19 + -1 + (-30 - (-17 + -9)).
-24
(1 - -9 - 6 - 27) + 33 + -22
-12
Evaluate (-8 - (10 + -9)) + 4 + 6.
1
What is the value of -9 + -10 + 20 + -13 - 7?
-19
Calculate -4 + (6 - 9) + 12.
5
Evaluate (-40 - -76) + 12 - 31.
17
Calculate (-2 - -4 - (-3 + 18)) + 1.
-12
Calculate -17 + (-18 - -4 - -15).
-16
What is the value of -2 - (2 + -10) - (-12 + (19 - 6))?
5
Evaluate 6 + (-3 - 1) + (6 + -7 - -5).
6
What is the value of 18 - (11 - -10 - (10 + -2))?
5
Evaluate -2 + ((-42 - -20) + 2 - (3 + 0)).
-25
Calculate -29 + 2 + (61 - 53).
-19
What is (-3 - -1 - (-48 - -40)) + -13?
-7
What is 16 + (-4 - (10 + -4 - (2 - -7)))?
15
What is 36 - 41 - (-16 - (-3 + 1))?
9
What is the value of -7 + 15 + 10 + -9 + -3?
6
Evaluate 18 + -19 + (-4 - -1) + 3.
-1
-19 - ((7 - 2) + (21 - 30)) - -5
-10
What is (-1 - (6 + 0)) + 14 + 6?
13
Calculate (-33 - -7) + (-21 - -18).
-29
Calculate -5 + (1 - 2) - (18 + -19 + -5).
0
7 - 3 - (-8 + 5 + -7) - 7
7
What is (95 - 80) + (-1 - 23)?
-9
Calculate -12 - (2 + -11 + -3) - (2 + -2).
0
-2 + (7 + 0 - (0 + (2 - 0)))
3
2 + -2 + 4 - (96 - 99)
7
What is the value of (-18 - -1) + 118 + -98?
3
Calculate 26 + -9 + 4 + -8.
13
Evaluate 23 + (-1 - (9 + -15 + 10 - 1)).
19
-14 + 7 + -3 + -7
-17
Calculate 30 - (17 + (16 - 40)).
37
Evaluate -43 - (42 - 73) - 23.
-35
What is the value of 23 - (14 + -11 + 7)?
13
What is -2 - (-13 + 14) - (-19 - -40)?
-24
Evaluate (386 - 380) + -2 + (1 - 0).
5
-3 +